 0. What are the prime factors of i(n)?
2, 3
Suppose d + 3*d - 148 = 0. Let z = d + 5. What are the prime factors of z?
2, 3, 7
Let d(h) = -3*h**3 + h**2 + h + 1. Let v be d(-1). Suppose -8*s = -v*s - 28. What are the prime factors of s?
7
Suppose 5*t - 107 = 198. List the prime factors of t.
61
Let t(x) = -x**2 + 3. Let y be t(0). Suppose a - 5*w = -4*w + 32, -5*w = y*a - 80. List the prime factors of a.
2, 3, 5
Suppose -3 - 1 = -2*r. Let h = r + 0. List the prime factors of 10 - (-1 + 0 + h).
3
Suppose -5*w = -11 - 169. Suppose -221 = -5*n - w. Suppose -5*c + 27 = 2*d, -n = -3*d - 4*c - 0*c. What are the prime factors of d?
11
Let s(a) = -a**2 + 15*a + 35. What are the prime factors of s(15)?
5, 7
Let o(b) = 39*b**2 - 1. Let a be (-2)/10 + (-12)/15. Let u be o(a). Suppose 4*p - 2*p = -4*z + u, 47 = 3*p + z. List the prime factors of p.
3, 5
Let v(o) be the third derivative of o**4/24 + 5*o**3/3 - 5*o**2. Let w = 13 - 18. List the prime factors of v(w).
5
Suppose -5*x = -7*x + 20. What are the prime factors of x?
2, 5
Let z(m) = 2*m**2 + 9*m - 9. What are the prime factors of z(-7)?
2, 13
Let h be 0/(-4 + (-6)/(-3)). Suppose -b + 5*c = -4*b + 35, h = -2*b - 3*c + 23. What are the prime factors of 147/15 - (-2)/b?
2, 5
Suppose -4*f = 8 - 84. List the prime factors of f.
19
Let d be (-1 - 2)/(-1 - 0). Suppose -d*f - 39 = -6*f. List the prime factors of f.
13
Suppose 56 = -4*a + 2*u, -48 = 3*a - 0*u - 3*u. Let c = a - -4. Let y = 6 - c. What are the prime factors of y?
2, 7
Suppose 0 = -16*z + 2661 + 827. List the prime factors of z.
2, 109
List the prime factors of ((-4)/3)/((-6)/171).
2, 19
Let f(w) = 7*w - w**3 + 14 + 14*w**2 - 25*w**2 + 3*w. What are the prime factors of f(-12)?
2, 19
Let l = 0 - 0. What are the prime factors of -22*(1/(-2) - l)?
11
Suppose -17 = 4*x + 5*z + 2, -z + 2 = -5*x. Let g be 6 - 4/2*x. Suppose 4*i = -3*u + 12, -2*u + i + g = -i. List the prime factors of u.
2
Suppose 0 = 3*f - 5*v - 46 - 436, -5*v = -10. List the prime factors of f.
2, 41
Let p = -4 - -7. Suppose 2*x + f + 3*f = -6, -2*f + 3 = -5*x. Let y = x + p. What are the prime factors of y?
2
Let m = 2 + -2. Let d(h) = h**2 + h + 1. Let g be d(m). Let o(l) = 7*l. List the prime factors of o(g).
7
Suppose 5*s - 64 = -2*g + 21, g = -2*s + 40. List the prime factors of g.
2, 3, 5
Let n be -5 + 3 + 1 + -7. Let g = 1 - n. List the prime factors of g.
3
Let j(o) = -o**2 + 4*o - 1. Let n be j(3). Suppose -n*b + 1 = m - 1, -3*b = m. Let k = m + 3. List the prime factors of k.
3
Let n = -3 + 5. Suppose m - 5*p = -p + 22, -n*m = 5*p + 8. What are the prime factors of m?
2, 3
Suppose -3*p + k = 2*k - 114, -3*p + 2*k + 114 = 0. What are the prime factors of p?
2, 19
Let p(x) = -x**2 + 11*x - 6. Let l be p(11). What are the prime factors of 3 - l/(-2) - -41?
41
List the prime factors of 2/(-6) + -4 + (-93)/(-9).
2, 3
Suppose 2*u = 4*u - 8. Suppose 0 = u*s - 40 - 8. List the prime factors of s.
2, 3
Let p(j) = j**3 + 10*j**2 - 4*j + 7. Let y be p(-9). Let q = -89 + y. What are the prime factors of q?
5, 7
Suppose -2*f + 76 = -74. What are the prime factors of f?
3, 5
Let q(x) = -x**2 - 5*x + 3. Let w be q(-5). Let o be w + 1 + 0 - 2. Suppose -4*z - 3*l + o = 0, -l - 4 = z + 2*l. List the prime factors of z.
2
Suppose -10*s = -5*s - 190. What are the prime factors of s?
2, 19
Let c = -31 - 14. Let v = -27 - c. List the prime factors of v.
2, 3
Suppose 2*c = -4, -x = -6*c + c - 82. List the prime factors of x.
2, 3
Suppose 107 = 4*h + s, -28 = -h + 4*s + 20. Suppose 0*l - 30 = -4*l - 2*z, 0 = -4*l - 4*z + h. Let u = l + -6. What are the prime factors of u?
2
List the prime factors of 634/4 - (-6)/(-12).
2, 79
Suppose 0 = f - 4*f + 4*h + 13, -2*f = h - 5. Suppose -12 - 18 = -3*g - 3*y, y - 36 = -f*g. List the prime factors of g.
13
Suppose -4*q + 72 = -40. What are the prime factors of q?
2, 7
Let v = -99 - -50. Let a = 69 + v. List the prime factors of a.
2, 5
Let h = 4 + 23. List the prime factors of h.
3
Let d(u) = 2*u**2 + 9*u + 7. What are the prime factors of d(-6)?
5
Let t be 1580/22 - 6/(-33). Suppose 0 = -2*w + 2, 2*w = -5*f - 0*w + t. List the prime factors of f.
2, 7
Let k(u) = u**2 + u - 13. What are the prime factors of k(-6)?
17
Let a(s) be the third derivative of 7*s**4/24 - s**3/3 + 4*s**2. List the prime factors of a(3).
19
Suppose 3*z = 4*w + 25, z - 4*w - 10 = 3*z. Suppose 5*a - 3*a + 2*n = 28, z*a - 30 = n. List the prime factors of a.
11
Let f(w) = w**2 + 2*w + 20. List the prime factors of f(12).
2, 47
Suppose 5*w + 40 = 5*k, -3*k + 6 = -w - 8. Let z(u) = -u**3 + 2*u**2 + 4. Let b be z(k). Let s(y) = -y**2 - 6*y + 6. What are the prime factors of s(b)?
11
Let f(z) = z**3 + z**2 - 2*z - 10. Let b be f(0). List the prime factors of 435/b*4/(-6).
29
Let h(l) = -3*l**2 + 3*l - 3. Let v be h(2). Let n = 3 + v. What are the prime factors of (-105)/(-14)*n/(-5)?
3
Suppose 2*o + 1 = -5*s + 14, 18 = -3*o + 5*s. What are the prime factors of 6 - (o + 3 - 1)?
5
Let f = -4 - -10. Suppose a - f = -3. What are the prime factors of a?
3
Let p be -2 + (3/3 - -6). Suppose p*v + 2 = 3*v. Let a = 7 + v. List the prime factors of a.
2, 3
Let n(m) = 10*m**3 + 3*m**2 - m - 2. List the prime factors of n(2).
2, 11
Suppose 5*b - 15 = -0*b. Let s(j) = -j**3 + 4*j**2 - 3*j - 3. Let d be s(b). Let c = 12 + d. What are the prime factors of c?
3
Suppose -3*m + 4*m = 30. Suppose -4*t - 26 = -2*h - t, -h - 5*t + 26 = 0. Suppose 0 = 2*o + 5*l + h, -5*l = -5*o - 0*l + m. List the prime factors of o.
2
Suppose 0 = 3*y - 5 - 4. Suppose -3*v - 10 = a, 20 = y*a - 2*v + v. List the prime factors of ((-9)/a)/(6/(-20)).
2, 3
Let o(r) = -r**3 - 7*r**2 + 11*r - 9. What are the prime factors of o(-9)?
2, 3
Suppose 2*l = 7*l - 125. What are the prime factors of l?
5
What are the prime factors of (474/8)/(6/8)?
79
Suppose b = 2*b. Let k be 1 + b + (-2 - -4). Suppose 1 - k = -o. What are the prime factors of o?
2
Let y be ((-1)/2)/((-5)/50). Suppose j - y = 1. List the prime factors of (-12)/2*(-4)/j.
2
Suppose -5*k + 20 = 0, 3*k = 3*m + 2*k - 14. Suppose 6*z + m = 3*z. Let p = z + 5. List the prime factors of p.
3
Suppose -5*f + 19 + 6 = 0. Suppose 3*y - 2*y + f = 0, y - 5 = -2*v. Let m = v + 3. What are the prime factors of m?
2
Let m = 0 + -1. Let b be (-1)/(-2) - 18/(-4). Let f = m + b. What are the prime factors of f?
2
Let p(l) = 8*l + 107. List the prime factors of p(36).
5, 79
Let v(g) = 2*g**2 - 6*g + 1. Let y be (-3)/6*2 - -25. Let z be (9/(-6))/((-9)/y). List the prime factors of v(z).
3
Suppose -v = -2, -v = -j + v + 12. What are the prime factors of j?
2
Suppose -3*o + 3*s + 28 = -11, -2*o + 4*s + 32 = 0. What are the prime factors of o?
2, 5
Let j = 4 + 0. Suppose -u - 2 = -j. Let z = 3 + u. List the prime factors of z.
5
Suppose 3*k + 4 = 6*l - l, -3*l + 16 = 5*k. Let u(a) = 10*a**2 - 4*a. List the prime factors of u(k).
2
Suppose 5*f - 2*w - 94 = 406, 0 = -5*f + 4*w + 490. What are the prime factors of f?
2, 3, 17
Let f(l) = 2*l**2 + 5*l - 3. Let m be f(-4). Suppose m = 4*o - o. List the prime factors of o.
3
Let m(f) = -3*f + 4. Let b(p) = 15*p - 21. Let j(k) = 4*b(k) + 21*m(k). What are the prime factors of j(-4)?
2, 3
Let f = -59 - -21. Let q = 77 + f. What are the prime factors of q?
3, 13
Let d(b) = -6*b + 2. Let j be d(-6). Let h be (-5)/(10/4) + j. Suppose -5*l = -l - h. What are the prime factors of l?
3
Let k = 7 + -11. What are the prime factors of (-2980)/(-150) - k/30?
2, 5
Suppose 0 + 3 = p, 5*o + 5*p - 290 = 0. List the prime factors of o.
5, 11
Let z(g) = -7*g**2 - 4*g + 15*g**2 + 3*g. List the prime factors of z(-1).
3
Let h be ((0/1)/2)/1. Suppose h = 6*d - 2*d - 88. List the prime factors of d.
2, 11
Suppose -8 - 2 = -5*i. Suppose -2*j - i + 10 = 0. List the prime factors of j.
2
Suppose 0 = -5*r + 4*r + 53. What are the prime factors of r?
53
Suppose -8 = -5*a + 3*a. Suppose -7*b + 6 = -a*b. Let w(p) = 3*p**2. What are the prime factors of w(b)?
2, 3
Let k = -257 + 147. Let v = -58 - k. Suppose -5*l = -l - v. List the prime factors of l.
13
Let g(r) = -3*r + r**2 - r**3 + 2*r + 11 + 2*r. Suppose -12*m + 15*m = 0. List the prime factors of g(m).
11
Suppose 2*o = 3*s - 0*s - 3, o = 3. Suppose -16 = -u - s. What are the prime factors of u?
13
Suppose -5*y + 19 = 